et j(l) = -l**2 - 6*l - 4. Let i be j(-2). Suppose -109 + 13 = -4*d. Calculate the greatest common divisor of i and d.
4
Let r(s) = -s**2 - 9*s + 8. Let m be r(-9). Let h(z) = m - 3*z + 2 + 0*z. Let j be h(0). What is the highest common factor of j and 4?
2
Let y be ((0/(-1))/3)/1. Let n(r) = y + 27*r + 214*r + 0 + 1. Let v be n(1). Calculate the highest common divisor of v and 22.
22
Let r be 7/(-1)*(1 + -2). Suppose -z + 19 = r. Let u = -32 - -56. What is the greatest common factor of u and z?
12
Let r(n) = n**3 + 5*n**2 + 2*n + 3. Let m be r(-3). Let g = m + 11. What is the highest common divisor of g and 208?
26
Let u(q) = -q**3 - 7*q**2 + 75*q + 12. Let j be u(-13). Suppose 24 = -d + 3*d + 5*r, 0 = 5*r + 10. Calculate the highest common divisor of j and d.
17
Let r(h) = -1 + 2 + 2*h - h. Let i = -125 + 130. Let j be r(i). What is the highest common divisor of j and 54?
6
Let f(n) = -4*n**2 + n - 1. Let w be f(1). Let k = -8 + w. Let o be -2*k/(-32)*-8. What is the highest common divisor of 48 and o?
6
Suppose 165 = -13*k + 16*k. What is the highest common factor of k and 11?
11
Suppose -2*b + 19 + 13 = 0. Let v(k) = -6*k**2 + 27*k + 4. Let n be v(4). What is the highest common factor of n and b?
16
Let t(c) = 2*c**2 - 29*c + 270. Let u be t(13). Calculate the greatest common factor of 308 and u.
77
Let f be ((-4)/(-5))/(11706/2340 + -5). Suppose j + 7*r - 49 = 2*r, 5*r + 146 = 4*j. Calculate the greatest common factor of j and f.
39
Let w(y) = 2*y - 9. Let a be w(5). Let g be (15/(-30))/(a/(-112)). Calculate the highest common factor of g and 8.
8
Suppose 5*o - 32 = 3*z, 2*o + 3*z - 8 = -3*o. Let p be (-5)/10 + 30/o. Calculate the greatest common factor of 7 and p.
7
Let d(j) be the first derivative of -j**4/4 - 6*j**3 - 9*j**2 - 16*j - 9. Let x be d(-17). Calculate the greatest common divisor of x and 2.
1
Let k be 23/6 - 1/(-6). Let w be (2/4)/((-4)/(-8)). Calculate the highest common factor of k and w.
1
Suppose -d + v = -10, d - 3*v + 10 = 2*d. Suppose 6*u - d = 14. What is the greatest common divisor of 1 and u?
1
Suppose 3*m = -5*z + 9, -m = -3*z - 4 + 1. Let q be 29/2*(z - -2). Let y = 187 + -158. What is the greatest common divisor of y and q?
29
Let p be -6*((-6)/(-4))/3. Let n(w) = w**2 - 2. Let l be n(p). Calculate the greatest common factor of l and 35.
7
Suppose -w + 745 = -5*d, -2*d = -5*w - d + 3797. What is the highest common divisor of w and 40?
40
Let h(o) = 78*o**2 + 25*o - 3. Let j be h(-1). Suppose 5*a - 70 = -5*s, 50 = 4*a - s + 3*s. Let b = a - -9. What is the greatest common divisor of j and b?
10
Let h(b) = -3*b - 7 + 6*b - 6 + 0. Let w be h(12). Let n = 132 + -63. What is the greatest common divisor of n and w?
23
Let n be 1/(-6) - 655/(-6). Suppose -h - 78 = -2*i + n, 15 = 5*h. What is the highest common divisor of i and 19?
19
Suppose -6 = c - 3*h - 24, -2*c - 4 = 2*h. What is the highest common divisor of c and 75?
3
Suppose -4 = 15*j - 13*j. Let q be (j + -138)/4*-3. What is the highest common divisor of q and 42?
21
Suppose -16*n - 4*n + 920 = 0. What is the greatest common divisor of 92 and n?
46
Let s be 444/15 + 68/170. Calculate the highest common factor of 390 and s.
30
Let m = 630 - 600. Calculate the greatest common factor of m and 10.
10
Let l be (-2956)/(-20) - (-2)/20*2. What is the greatest common divisor of l and 37?
37
Suppose 70 = 5*l - 0*l. Let o = 1049 + -729. Suppose 5*x + 110 - o = 0. What is the highest common divisor of l and x?
14
Let d = -240 - -420. Suppose 0 = l - 4*z - d, -5*z + 257 + 568 = 5*l. Calculate the highest common factor of 42 and l.
42
Suppose 0 = 4*a - 4*x + 15 - 3, 2*a - 3*x = -9. Let t = 3 - 1. Suppose 2*i + t*v - 64 = a, 3*i = -i - v + 122. Calculate the greatest common divisor of 6 and i.
6
Suppose 4 = 5*p - 16. Suppose 4*n + u = 47, n - 1 = p*u - 2. Calculate the greatest common factor of n and 88.
11
Let r(b) = -47*b**3 + b**2 - 2*b - 2. Let s be r(-1). Suppose 52*w - 104 = s*w. Calculate the highest common factor of w and 182.
26
Let n be (1 - 1)/(-3 + 5). Suppose x - 4 - 1 = n. Let o(d) = 3*d**2 - 5*d + 6. Let y be o(x). Calculate the highest common factor of 28 and y.
28
Let d(w) = -w**3 - 17*w**2 + 37*w - 7. Let n be d(-19). What is the greatest common factor of n and 28?
4
Let r = 146 + -86. Suppose -3*t = -5*t. Suppose 5*g - 77 + 2 = t. Calculate the greatest common divisor of g and r.
15
Let x be 4/3 + (-1644)/(-36). Suppose -6*a - 108 = -3*a. Let v = a + x. Calculate the greatest common divisor of 99 and v.
11
Let g be (-9)/(((-3)/(-66))/(6/(-12))). Suppose -3*x + 4*w + g = -2*x, -3*x + 4*w = -281. What is the greatest common divisor of 13 and x?
13
Let z be 41259/21 - 7/(-147)*6. Calculate the highest common divisor of 30 and z.
15
Suppose 10*o = 5*o - 5. Let k(c) = -2 - 2 + 2*c - 56*c**3 + 5. Let n be k(o). What is the greatest common factor of n and 11?
11
Let j(a) = a**3 + a**2 + 2*a - 1. Let m be j(0). Let t be -66*(m + 0)*(-4)/(-6). Calculate the greatest common divisor of t and 4.
4
Let j = 1057 - 1027. What is the highest common divisor of j and 384?
6
Let d = -88 + 90. Suppose 5*z - 215 = f, -45 + 203 = 4*z + d*f. What is the greatest common divisor of z and 14?
14
Suppose 0 = i - 10. Let x = i - -26. What is the greatest common factor of x and 12?
12
Let h(d) = -140*d**2 - d + 1. Let b be h(1). Let k be 4 - 8/(32/b). Calculate the greatest common factor of 26 and k.
13
Let a = -267 - -411. Calculate the highest common factor of 30 and a.
6
Suppose 19*x - 339 = -4*l + 20*x, 2*x = -3*l + 246. Let i(z) = -7*z - 7. Let p be 1*(1 + -8) - 2. Let s be i(p). Calculate the highest common factor of s and l.
28
Let g(h) = -h**3 - 7*h**2 + 8*h + 4. Let j be g(-8). Let w = 67 + -35. What is the highest common divisor of j and w?
4
Suppose 3*v - 27 = 2*v. Suppose -29 = z + 46. Let r = -57 - z. Calculate the greatest common factor of r and v.
9
Let a = -69 + 113. Suppose 5*f - 61 = 4*j, -a + 13 = 2*j - 3*f. Let z be j/(-4) + 2/4. What is the greatest common divisor of 20 and z?
4
Let o(x) = 9*x - 1. Let l be o(1). Let a = 14 - 14. Suppose a*n - 16 = -2*n. What is the highest common factor of n and l?
8
Let h be 165/35 + (-4)/(-14). Suppose -7*u + 10 = -h*u. Suppose 135 = u*r + 5*j, 2 + 2 = 2*j. Calculate the greatest common factor of 200 and r.
25
Suppose 58*s - 52*s = 186. Suppose t + 14 = 12, 0 = -l - 4*t + s. Calculate the greatest common factor of 3 and l.
3
Suppose -4*h = -b + 30 + 5, -5*h - 10 = 0. Suppose 2*c = -a - b, -c + 53 = -2*a - a. Let t = a - -39. What is the highest common divisor of 50 and t?
10
Let a = -5 - -5. Let u(i) = -i + 72. Let r be u(a). Let g be 30/(-4)*r/(-30). Calculate the highest common factor of g and 45.
9
Let v = 8 + -10. Let b = 15 + v. What is the highest common divisor of 208 and b?
13
Suppose -3*p - 3 = -0*p. Let d be p/(-2 + 324/164). Let h be (1 - 2) + d + 2. What is the greatest common divisor of 14 and h?
14
Let u = 1319 - 1293. What is the greatest common factor of u and 377?
13
Let m be 80/48 - 1623/(-9). Calculate the highest common divisor of 26 and m.
26
Let g be 182*(-18)/(-12) - (2 - 2). Calculate the greatest common factor of g and 21.
21
Suppose 0 = 5*y - y - 192. Let z be -2 + -3 + (10 - 2). Let a(o) = -o**3 + 5*o**2 - 4*o. Let h be a(z). What is the greatest common factor of h and y?
6
Suppose 5*q - 3*f = 81 + 453, 0 = -q + 4*f + 117. Suppose -3*n + 0*n = -q. What is the greatest common divisor of 14 and n?
7
Let v be 170 - (-2 - (-42)/6). Calculate the highest common divisor of v and 99.
33
Suppose b - 75 = -3*h, -136 = -3*h - 2*h + 2*b. What is the greatest common divisor of h and 286?
26
Let c(k) = 19*k - 7. Let i(f) = -37*f + 13. Let y(w) = 11*c(w) + 6*i(w). Let a be y(-1). Suppose -7*g = -22 - 27. What is the highest common divisor of a and g?
7
Let u be -14 + 17 - 1*3. Let n(t) = -t + 6. Let k be n(u). Suppose 4*w + r = 23, -2*r - 4 = -2*w + 10. What is the highest common divisor of w and k?
6
Let y be 66 + (3 - 6) - -1. Suppose y = 4*j - 124. Let d be j - (-1)/((-4)/8). What is the greatest common divisor of d and 15?
15
Suppose -4364 = -8*o + 4812. Calculate the highest common factor of o and 31.
31
Suppose -u + 3*s = -76 + 58, u - 4*s = 23. What is the highest common factor of 51 and u?
3
Let h(r)